8651
List the prime factors of 376360778.
2, 19, 9904231
What are the prime factors of 16587010?
2, 5, 11, 150791
List the prime factors of 280033.
13, 1657
What are the prime factors of 40694823?
3, 13, 109, 3191
List the prime factors of 143892371.
7, 37, 79367
List the prime factors of 87855123.
3, 29, 991, 1019
What are the prime factors of 115191654?
2, 3, 29, 662021
What are the prime factors of 65908135?
5, 13181627
What are the prime factors of 14561485?
5, 53, 54949
List the prime factors of 4976777273.
13, 382829021
What are the prime factors of 5474301192?
2, 3, 25343987
What are the prime factors of 3088467216?
2, 3, 21447689
List the prime factors of 833287178.
2, 416643589
What are the prime factors of 2789949209?
223, 12510983
List the prime factors of 60651207.
3, 23, 101, 967
List the prime factors of 185052213.
3, 641, 32077
What are the prime factors of 530000839?
19, 29, 37, 25997
What are the prime factors of 135458089?
13, 47, 53, 89
List the prime factors of 1574782717.
181, 8700457
What are the prime factors of 735779302?
2, 619, 594329
What are the prime factors of 206594384?
2, 37, 461, 757
List the prime factors of 1563023747.
1563023747
List the prime factors of 301740760.
2, 5, 907, 8317
List the prime factors of 5416375368.
2, 3, 225682307
What are the prime factors of 64993954?
2, 32496977
List the prime factors of 2650000.
2, 5, 53
List the prime factors of 1082975277.
3, 109, 3311851
List the prime factors of 97233583.
19, 5117557
List the prime factors of 632509956.
2, 3, 13, 17, 107, 743
List the prime factors of 6195598240.
2, 5, 13, 43, 53, 1307
What are the prime factors of 186946779?
3, 62315593
What are the prime factors of 342647735?
5, 68529547
List the prime factors of 324023532.
2, 3, 7, 31, 124433
List the prime factors of 17575560.
2, 3, 5, 48821
What are the prime factors of 190892888?
2, 277, 86143
List the prime factors of 24523302.
2, 3, 4087217
List the prime factors of 198801776.
2, 73, 170207
List the prime factors of 251703608.
2, 13, 601, 4027
What are the prime factors of 460273249?
17, 73, 21817
What are the prime factors of 4202142543?
3, 19, 29, 94153
What are the prime factors of 216491098?
2, 367, 294947
List the prime factors of 154287374.
2, 89, 866783
What are the prime factors of 83551903?
53, 127, 12413
What are the prime factors of 132447475?
5, 307, 17257
What are the prime factors of 3367383942?
2, 3, 13, 43171589
What are the prime factors of 20644696?
2, 2580587
List the prime factors of 2538049922.
2, 71, 17873591
List the prime factors of 962813563.
962813563
What are the prime factors of 38608824?
2, 3, 73, 22037
What are the prime factors of 4258395689?
6571, 648059
List the prime factors of 125521261.
59, 641, 3319
What are the prime factors of 240905579?
19, 12679241
List the prime factors of 238042618.
2, 11, 61, 177379
What are the prime factors of 391874445?
3, 5, 101, 151, 571
List the prime factors of 986266092.
2, 3, 7, 83, 141461
List the prime factors of 655987417.
73, 359, 25031
List the prime factors of 5762764221.
3, 3359, 571873
List the prime factors of 12696295.
5, 89, 103, 277
List the prime factors of 1070799279.
3, 11, 32448463
List the prime factors of 377285694.
2, 3, 53, 353, 3361
What are the prime factors of 73418105?
5, 14683621
What are the prime factors of 63992585?
5, 83, 271, 569
What are the prime factors of 7767689?
7767689
What are the prime factors of 526373167?
526373167
What are the prime factors of 2070084452?
2, 517521113
List the prime factors of 333200431.
31, 10748401
List the prime factors of 330913803.
3, 11, 191, 52501
What are the prime factors of 107386631?
11, 409, 23869
What are the prime factors of 1690783602?
2, 3, 281797267
List the prime factors of 11279521.
11, 19, 29, 1861
List the prime factors of 85891617.
3, 7, 454453
What are the prime factors of 297361230?
2, 3, 5, 37, 267893
What are the prime factors of 2849810?
2, 5, 19, 53, 283
List the prime factors of 3707644722.
2, 3, 29, 21308303
List the prime factors of 188309171.
19, 9911009
List the prime factors of 195895456.
2, 6121733
What are the prime factors of 267833095?
5, 983, 54493
List the prime factors of 1181705486.
2, 13, 45450211
List the prime factors of 105024113.
17, 6177889
What are the prime factors of 351775022?
2, 1181, 148931
List the prime factors of 715327679.
11, 311, 19009
What are the prime factors of 1383375?
3, 5, 7, 17, 31
List the prime factors of 73335538.
2, 1069, 34301
List the prime factors of 5968940946.
2, 3, 967, 1028773
List the prime factors of 385337213.
8287, 46499
What are the prime factors of 3322865963?
101, 179, 183797
What are the prime factors of 175203121?
23, 7617527
List the prime factors of 607455498.
2, 3, 13, 19, 409889
What are the prime factors of 97343334?
2, 3, 11, 491633
List the prime factors of 10312576.
2, 80567
List the prime factors of 295078774.
2, 37, 3987551
What are the prime factors of 981838114?
2, 10289, 47713
List the prime factors of 75920140.
2, 5, 1783, 2129
What are the prime factors of 5111474963?
7, 101, 7229809
List the prime factors of 87860482.
2, 79, 107, 5197
What are the prime factors of 2109229789?
23, 41, 97, 23059
List the prime factors of 2031914498.
2, 307, 3309307
List the prime factors of 225108764.
2, 17, 3310423
What are the prime factors of 19403262?
2, 3, 29, 37171
List the prime factors of 575500784.
2, 107, 336157
What are the prime factors of 1625829538?
2, 812914769
List the prime factors of 112785470.
2, 5, 7, 863, 1867
What are the prime factors of 687006958?
2, 11, 17, 43, 42719
List the prime factors of 54099791.
54099791
What are the prime factors of 1837785240?
2, 3, 5, 1701653
List the prime factors of 8052883593.
3, 3821, 702511
What are the prime factors of 70629237?
3, 7, 17, 9421
List the prime factors of 1135665066.
2, 3, 23, 271, 30367
List the prime factors of 65562560.
2, 5, 7, 29269
List the prime factors of 15870442.
2, 7, 181, 6263
List the prime factors of 135657003.
3, 45219001
List the prime factors of 1882356073.
13, 144796621
What are the prime factors of 172949850?
2, 3, 5, 128111
List the prime factors of 69935852.
2, 7, 71, 127, 277
What are the prime factors of 58461789?
3, 149, 130787
List the prime factors of 2011676083.
2011676083
What are the prime factors of 73212246?
2, 3, 431, 9437
List the prime factors of 175890371.
7559, 23269
List the prime factors of 31042555.
5, 59, 105229
What are the prime factors of 69907102?
2, 131, 266821
List the prime factors of 103088997.
3, 11, 29, 11969
List the prime factors of 294047164.
2, 17, 79, 127, 431
What are the prime factors of 1034948864?
2, 4042769
List the prime factors of 1381764438.
2, 3, 76764691
What are the prime factors of 5101927221?
3, 47, 163, 221987
What are the prime factors of 46683989?
11, 17, 249647
What are the prime factors of 573288471?
3, 7, 37, 245941
What are the prime factors of 2875021034?
2, 31, 71, 653117
List the prime factors of 4311152910.
2, 3, 5, 17, 43, 809
What are the prime factors of 5121256663?
251, 20403413
What are the prime factors of 274746163?
17, 67, 109, 2213
What are the prime factors of 79122316?
2, 7, 13, 217369
What are the prime factors of 53805772?
2, 2377, 5659
What are the prime factors of 21605845?
5, 4321169
What are the prime factors of 1867209189?
3, 1297, 479879
What are the prime factors of 673568076?
2, 3, 56130673
List the prime factors of 2086082912.
2, 65190091
List the prime factors of 154301464.
2, 151, 127733
List the prime factors of 71195663.
7, 11, 701, 1319
What are the prime factors of 177761341?
4567, 38923
What are the prime factors of 6581490389?
19, 346394231
What are the prime factors of 491331384?
2, 3, 97, 70351
What are the prime factors of 25970464?
2, 13, 163, 383
What are the prime factors of 16137357?
3, 367, 14657
List the prime factors of 10684602.
2, 3, 17, 103, 113
What are the prime factors of 1189888135?
5, 237977627
List the prime factors of 180420354.
2, 3, 17, 589609
List the prime factors of 89685736.
2, 7, 1231, 1301
What are the prime factors of 123626992?
2, 17, 61, 7451
List the prime factors of 3169870182.
2, 3, 9649, 18251
What are the prime factors of 623147895?
3, 5, 31, 37, 12073
List the 